hen k is divided by ((-2)/(-4))/((-2)/(-28)).
6
What is the remainder when (-14)/(-1)*(0 + 56)/8 is divided by 34?
30
Let w(m) = m**2 - 7*m + 3. Let n be w(6). Let x = 5 - n. What is the remainder when x is divided by 3?
2
Suppose -u = -4*u - 4*p + 22, 2*u - 5*p - 53 = 0. What is the remainder when 4/10 + 384/15 is divided by u?
12
Let q(w) = -w**3 - 9*w**2 - 3*w + 3. Let z be q(-7). Let j = 142 + z. Let m = -41 + j. What is the remainder when m is divided by 14?
13
What is the remainder when 38 is divided by -8*(3 - 4) - 0?
6
Let z(w) = w**2 + 5*w + 4. Let x be z(-6). Suppose 5*j = -0*j + x. Suppose g - 22 = -j*g - 4*h, 5*g + h - 48 = 0. What is the remainder when g is divided by 6?
4
Suppose 9 + 18 = -3*f. Let y be (f/12 + -1)*-20. Suppose -z - 4*k + 5 = k, 3*z = 5*k + y. What is the remainder when 19 is divided by z?
9
Suppose -5*f = -f - 3*u - 377, -u = -4*f + 387. Calculate the remainder when f is divided by 25.
23
Let r(h) = -h**2 - h + 8. Suppose -6*d + 15 = -d. Suppose 0 = 2*u - d*u. Calculate the remainder when 23 is divided by r(u).
7
Let c = 20 + -8. Let d be (c/15)/(4/10). Suppose -d*x - x = -3. Calculate the remainder when x is divided by 1.
0
Suppose 3*l = 2*g + 5*l - 2, 0 = 5*g + 4*l - 10. Let z(m) = m**2 + 16*m - 13. What is the remainder when z(-18) is divided by g?
5
What is the remainder when 16 is divided by 96/7 + (-44)/(-154)?
2
Suppose 3*n - 26 = 61. Let o(r) = r**3 - 3*r**2 + 2*r + 2. What is the remainder when n is divided by o(3)?
5
Suppose -5*o - 4*z = -141, -44 = -3*o + 4*z + 15. What is the remainder when o is divided by 13?
12
Suppose 25 = -2*a - 3*a. Let h be a/20 + (-74)/(-8). Let b = h - 6. What is the remainder when 4 is divided by b?
1
Suppose -4*k + 11 = -37. Let r = 23 + 0. What is the remainder when r is divided by k?
11
Let d(z) = -4*z - 8. Let i be (-6)/8 - (-203)/(-28). Calculate the remainder when d(i) is divided by 13.
11
Let j(v) = v**3 - 6*v**2 + 2*v + 4. Calculate the remainder when 47 is divided by j(6).
15
Suppose -5*f - 9 = -24. Let r = 11 - 7. Suppose 0 = 4*s + f*g - 29 - 48, r*g = -2*s + 46. Calculate the remainder when s is divided by 6.
5
Let q be (14/3)/(12/18). Suppose 0*u + q = u. Calculate the remainder when 11 is divided by u.
4
Let a be 3/2 + (-10)/4. Let h = a - -8. Calculate the remainder when (0 + (-38)/(-2))*1 is divided by h.
5
Let x = -99 - -226. What is the remainder when x is divided by 16?
15
Let j = 45 - 91. Calculate the remainder when 10 is divided by (-6)/10 - j/10.
2
Suppose -42 = -5*g + 3*g. What is the remainder when 61 is divided by g?
19
Suppose 5 = f - 8. What is the remainder when 48 is divided by f?
9
Let v = 124 - 62. Let a(b) = b**2 + b + 32. Calculate the remainder when v is divided by a(0).
30
Let a(u) = 21*u**3 - u**2 - u + 1. Let m be 2/(-6)*(1 + -4). Let k be a(m). What is the remainder when 14 is divided by (-8)/k + 27/5?
4
Suppose 3*y = -0*y - 24. Suppose 2*l = -0 + 10. Calculate the remainder when y/10*140/(-8) is divided by l.
4
Let w(s) = s**2 + 6*s + 7. What is the remainder when w(-10) is divided by 7?
5
Suppose -3 + 47 = 2*x. Suppose q - 13 = 29. Calculate the remainder when q is divided by x.
20
Let w(v) = 1 + 0 + 6*v**2 + 3*v + 2 - 5*v**2. What is the remainder when w(-7) is divided by (16 - -1) + (1 - 2)?
15
What is the remainder when ((-7)/(-14))/((-2)/(-316)) is divided by 41?
38
Suppose -32 + 4 = 4*s. Let p(x) = -x**3 - 8*x**2 - 9*x - 9. Let v be p(s). What is the remainder when (2*v)/(3/15) is divided by 17?
16
Suppose 3 = 2*s - 1. Suppose 0 = s*h + 3*r + 11 - 35, -4*r + 8 = 0. Suppose 3*z = z + 50. Calculate the remainder when z is divided by h.
7
Let w = -1 - -22. What is the remainder when 123 is divided by w?
18
Let f = -7 - -22. Calculate the remainder when 43 is divided by f.
13
Let c(j) = 4*j**2 + 3*j. Let z be c(-2). Suppose i - z = -i. Suppose -2*s = -7*s + 5*v + 75, i*v = -4*s + 87. What is the remainder when 52 is divided by s?
16
Let h(p) = -p + 6. Let t = 43 - 10. What is the remainder when t is divided by h(-6)?
9
Let h be (-1288)/(-20) - 3/(-5). What is the remainder when (-4)/(-26) - (-2980)/h is divided by 12?
10
Suppose -o = 2*o - 15. Let h(r) = 3*r - 3. What is the remainder when (-1 + 4)*(-68)/(-6) is divided by h(o)?
10
Suppose 60 = -2*v - 2*b - b, -3*v - 87 = 3*b. Let f = v - -77. Calculate the remainder when f is divided by 26.
24
Let m be 1*-1*0/(-2). Let g = m + 2. Let h(y) = -y**2 + 4*y + 6. What is the remainder when g is divided by h(5)?
0
What is the remainder when (-4)/(-6) + 6/(54/57) is divided by 3?
1
Let z be 1*(2 + -2) + 18. Let k = z - 0. What is the remainder when 35 is divided by k?
17
Suppose 0*z - 108 = -9*z. What is the remainder when 47 is divided by z?
11
Suppose 0 = 2*t - 3*t + 10. Let j = 23 - -16. What is the remainder when j is divided by t?
9
What is the remainder when ((-87)/6*-1)/((-1)/(-4)) is divided by 12?
10
Let f be ((-2)/6)/((-1)/(-6)). Let c(k) = -16*k - 5. Calculate the remainder when c(f) is divided by 14.
13
Suppose 5*h - 11 = 29. Let k(z) = z**2 + 1 + 0*z**2 + 0*z - 3*z. Calculate the remainder when h is divided by k(4).
3
Let p(t) = t**3 - 3*t**2 + 2*t + 2. Let k be p(3). Calculate the remainder when 111*(-2 - k/(-3)) is divided by 25.
24
Calculate the remainder when (-8 - -3) + 745/5 is divided by 40.
24
Calculate the remainder when 9/21 + 1242/42 is divided by 8.
6
Let u(d) = d**3 - 2*d**2 - 2*d - 2. Let r be u(3). Let x = 7 + -11. Calculate the remainder when (2/(x/(-22)))/r is divided by 6.
5
Let h(r) = -4*r + 1. Let a be h(-1). Suppose -4*o + z - 49 - 12 = 0, -a*o + 2*z - 74 = 0. Calculate the remainder when 4 is divided by (-52)/o - (-1)/(-4).
1
Let b(d) = -d**3 - 9*d**2 - 6*d - 5. Suppose -2*s + 24 = 5*y, -9 = -3*s + 3*y + 48. Calculate the remainder when b(-9) is divided by s.
15
Suppose v + 2*y = 660 - 181, 4*v = 3*y + 1949. What is the remainder when 16 is divided by v/55 - 2/(-11)?
7
Suppose -3*c - 5*y + 247 + 27 = 0, 374 = 4*c - 2*y. Calculate the remainder when c is divided by 19.
17
Let l = 9 - 9. Suppose l = 3*p - 11 - 13. What is the remainder when p is divided by 3?
2
Let a = -1 + 4. Let y(g) = g - 11. Calculate the remainder when y(18) is divided by a.
1
Let v(b) = b**2 + 8*b + 11. Calculate the remainder when 119 is divided by v(-9).
19
Let x(y) = -3*y - 1. Let a be x(-1). Suppose 11 = a*s - 13. Calculate the remainder when 45 is divided by s.
9
Suppose -5*u - 2 + 27 = 0. Let h(s) = -s**3 + 3*s**2 - 4*s + 3. Let c be h(3). Let t = u - c. What is the remainder when t is divided by 5?
4
Suppose -6*l = 13*l - 1862. Calculate the remainder when l is divided by 25.
23
Let z be (-2)/5 + (-36)/10. Suppose 3*k + 12 = 5*k. Let w = z + k. Calculate the remainder when 3 is divided by w.
1
Suppose 0 = 5*r + 5, -n - 2*r + r + 1 = 0. Calculate the remainder when 5 is divided by n.
1
Suppose -22*k + 24*k - 58 = 0. What is the remainder when 84 is divided by k?
26
Let l(n) = -4*n**3 + n**2. Let x be l(-2). Suppose 3*b - 2*b = x. What is the remainder when b is divided by 19?
17
Suppose -790 = 3*y + 4*x, 1 = x - 1. Calculate the remainder when y/(-12) + 8/(-48) is divided by 8.
6
Suppose 8*v = 11*v - 207. Calculate the remainder when v is divided by 12.
9
Suppose -5*i + 4*i = -22. Suppose 4*x + 3*n = 5*x - 11, n = -2*x + i. What is the remainder when 31 is divided by x?
9
Let r(d) = 8*d**2 - d. Let m = -56 - -81. Calculate the remainder when m is divided by r(-1).
7
Let n(y) = 3*y - 9. Calculate the remainder when n(14) is divided by 12.
9
Suppose -5*w + 96 = 4*r - 20, -4*r = -3*w - 84. Let g = r - 14. Let j = -22 - -40. What is the remainder when j is divided by g?
8
Let g(s) = -4*s**3 + s**2 + 2*s - 1. What is the remainder when g(-2) is divided by 16?
15
Let b = 10 - 2. Suppose 0 = 3*c - 4*c + 46. Let n = -24 + c. What is the remainder when n is divided by b?
6
Let w = -89 - -23. What is the remainder when 2 - (w - 2) - 0 is divided by 24?
22
Let b = 13 + 34. Calculate the remainder when b is divided by 16.
15
Let d(p) = 4*p - 5. What is the remainder when d(5) is divided by 4?
3
Suppose c - 36 = -0*b - 3*b, -b = c - 12. Calculate the remainder when 70 is divided by b.
10
Suppose -m + 3*m = 6. Suppose -5 = s, -m*n - 5*s + 39 = -n. What is the remainder when n is divided by